{"id":47,"date":"2018-10-25T19:49:24","date_gmt":"2018-10-25T19:49:24","guid":{"rendered":"http:\/\/wp1095818.server-he.de\/wordpress\/?page_id=47"},"modified":"2018-10-25T19:49:24","modified_gmt":"2018-10-25T19:49:24","slug":"agb","status":"publish","type":"page","link":"https:\/\/maschinenmanufaktur-ulbricht.de\/index.php\/agb\/","title":{"rendered":"AGB"},"content":{"rendered":"<h1>AGB<\/h1>\n<p>Alle Preise in Euro inkl. der gesetzlichen Mehrwertsteuer.<\/p>\n<p>Die Zusendung verschickbarer Produkte erfolgt gegen Vorauszahlung unmittelbar nach Zahlungseingang. Versandkosten gehen zu Lasten des K\u00e4ufers.<\/p>\n<p>Ansonsten gilt: Barzahlung bei Abholung.<\/p>\n<p>Bis zu 14 Tage nach Erhalt der Ware haben Sie volles R\u00fcckgaberecht mit Anspruch auf Zur\u00fcckerstattung des Kaufpreises. Die Kosten f\u00fcr Hin- und R\u00fccksendung bzw. Abholung tr\u00e4gt der K\u00e4ufer.<\/p>\n","protected":false},"excerpt":{"rendered":"<p>AGB Alle Preise in Euro inkl. der gesetzlichen Mehrwertsteuer. Die Zusendung verschickbarer Produkte erfolgt gegen Vorauszahlung unmittelbar nach Zahlungseingang. Versandkosten gehen zu Lasten des K\u00e4ufers. Ansonsten gilt: Barzahlung bei Abholung. Bis zu 14 Tage nach Erhalt der Ware haben Sie volles R\u00fcckgaberecht mit Anspruch auf Zur\u00fcckerstattung des Kaufpreises. Die Kosten f\u00fcr Hin- und R\u00fccksendung bzw. &hellip; <\/p>\n<p class=\"link-more\"><a href=\"https:\/\/maschinenmanufaktur-ulbricht.de\/index.php\/agb\/\" class=\"more-link\"><span class=\"screen-reader-text\">\u201eAGB\u201c<\/span> weiterlesen<\/a><\/p>\n","protected":false},"author":1,"featured_media":0,"parent":0,"menu_order":0,"comment_status":"closed","ping_status":"closed","template":"","meta":{"ngg_post_thumbnail":0,"footnotes":""},"class_list":["post-47","page","type-page","status-publish","hentry"],"_links":{"self":[{"href":"https:\/\/maschinenmanufaktur-ulbricht.de\/index.php\/wp-json\/wp\/v2\/pages\/47","targetHints":{"allow":["GET"]}}],"collection":[{"href":"https:\/\/maschinenmanufaktur-ulbricht.de\/index.php\/wp-json\/wp\/v2\/pages"}],"about":[{"href":"https:\/\/maschinenmanufaktur-ulbricht.de\/index.php\/wp-json\/wp\/v2\/types\/page"}],"author":[{"embeddable":true,"href":"https:\/\/maschinenmanufaktur-ulbricht.de\/index.php\/wp-json\/wp\/v2\/users\/1"}],"replies":[{"embeddable":true,"href":"https:\/\/maschinenmanufaktur-ulbricht.de\/index.php\/wp-json\/wp\/v2\/comments?post=47"}],"version-history":[{"count":1,"href":"https:\/\/maschinenmanufaktur-ulbricht.de\/index.php\/wp-json\/wp\/v2\/pages\/47\/revisions"}],"predecessor-version":[{"id":48,"href":"https:\/\/maschinenmanufaktur-ulbricht.de\/index.php\/wp-json\/wp\/v2\/pages\/47\/revisions\/48"}],"wp:attachment":[{"href":"https:\/\/maschinenmanufaktur-ulbricht.de\/index.php\/wp-json\/wp\/v2\/media?parent=47"}],"curies":[{"name":"wp","href":"https:\/\/api.w.org\/{rel}","templated":true}]}}